{"id":11210,"date":"2025-10-30T17:52:44","date_gmt":"2025-10-30T17:52:44","guid":{"rendered":"http:\/\/webmc.online\/?post_type=product&#038;p=11210"},"modified":"2026-01-12T15:33:10","modified_gmt":"2026-01-12T15:33:10","slug":"100-balance-bms-icin-4-3-inc-dokunmatik-ekran","status":"publish","type":"product","link":"https:\/\/3eteknoloji.com\/index.php\/urun\/100-balance-bms-icin-4-3-inc-dokunmatik-ekran\/","title":{"rendered":"100 Balance BMS i\u00e7in 4.3 in\u00e7 Dokunmatik Ekran"},"content":{"rendered":"<ul>\n<li>B\u00fcy\u00fck ekran g\u00f6r\u00fcnt\u00fcleme, 4.3 b\u00fcy\u00fck ekran tasar\u0131m\u0131, daha net aray\u00fcz ve daha rahat kullan\u0131m.<\/li>\n<li>Ak\u0131ll\u0131 kontrol, Cep telefonu veya bilgisayara gerek yok, dokunmatik \u00e7al\u0131\u015fma, her an ak\u0131ll\u0131 pil y\u00f6netimi.<\/li>\n<\/ul>\n<p><strong>Kullan\u0131m talimatlar\u0131:<\/strong><\/p>\n<ol>\n<li>\u0130\u015f yerinde s\u00fcrekli a\u00e7\u0131kt\u0131r ve BMS uykuda oldu\u011funda ekran siyah olacakt\u0131r.<\/li>\n<li>UART ve RS485 ileti\u015fim modlar\u0131n\u0131 destekler. BMS\u2019nin yanmas\u0131n\u0131 \u00f6nlemek i\u00e7in ileti\u015fim aray\u00fcz\u00fc yanl\u0131\u015f ba\u011flanamaz. UART ileti\u015fiminde, BMS Bluetooth veya GPS ile uyumlu olamaz.<\/li>\n<li>RS485 haberle\u015fmesinde CAN VERSION BMS ile e\u015fle\u015fmelidir. Farkl\u0131 haberle\u015fme modlar\u0131 farkl\u0131 haberle\u015fme kablosu ile yap\u0131land\u0131r\u0131l\u0131r.<\/li>\n<\/ol>\n<p><strong>Parametre \u00f6zellikleri:<\/strong><\/p>\n<p>1. \u0130leti\u015fim portu: UART (6PIN 450mm)<\/p>\n<p>2. \u0130leti\u015fim portu: RS485(5PIN+6PIN 450mm)<\/p>\n<p>3. Boyut: 139,8\u00d797,8\u00d722,2 mm<\/p>\n<p>&nbsp;<\/p>\n<p>Not: Wi-Fi mod\u00fcl\u00fcn\u00fc ve LCD ekran\u0131 ayn\u0131 anda kullanmak istiyorsan\u0131z, Wi-Fi ile kullan\u0131labilen (RS485+WIFI) kabloyu se\u00e7iniz.<\/p>\n","protected":false},"excerpt":{"rendered":"<p>B\u00fcy\u00fck ekran g\u00f6r\u00fcnt\u00fcleme, 4.3 b\u00fcy\u00fck ekran tasar\u0131m\u0131, daha net aray\u00fcz ve daha rahat kullan\u0131m. Ak\u0131ll\u0131 kontrol, Cep telefonu veya bilgisayara<\/p>\n","protected":false},"featured_media":11627,"comment_status":"open","ping_status":"closed","template":"","meta":[],"product_brand":[],"product_cat":[92],"product_tag":[144],"class_list":{"0":"post-11210","1":"product","2":"type-product","3":"status-publish","4":"has-post-thumbnail","6":"product_cat-bms-battery-management-system","7":"product_tag-100-balance-bms-icin-4-3-inc-dokunmatik-ekran","9":"first","10":"instock","11":"shipping-taxable","12":"purchasable","13":"product-type-simple"},"_links":{"self":[{"href":"https:\/\/3eteknoloji.com\/index.php\/wp-json\/wp\/v2\/product\/11210","targetHints":{"allow":["GET"]}}],"collection":[{"href":"https:\/\/3eteknoloji.com\/index.php\/wp-json\/wp\/v2\/product"}],"about":[{"href":"https:\/\/3eteknoloji.com\/index.php\/wp-json\/wp\/v2\/types\/product"}],"replies":[{"embeddable":true,"href":"https:\/\/3eteknoloji.com\/index.php\/wp-json\/wp\/v2\/comments?post=11210"}],"version-history":[{"count":1,"href":"https:\/\/3eteknoloji.com\/index.php\/wp-json\/wp\/v2\/product\/11210\/revisions"}],"predecessor-version":[{"id":11212,"href":"https:\/\/3eteknoloji.com\/index.php\/wp-json\/wp\/v2\/product\/11210\/revisions\/11212"}],"wp:featuredmedia":[{"embeddable":true,"href":"https:\/\/3eteknoloji.com\/index.php\/wp-json\/wp\/v2\/media\/11627"}],"wp:attachment":[{"href":"https:\/\/3eteknoloji.com\/index.php\/wp-json\/wp\/v2\/media?parent=11210"}],"wp:term":[{"taxonomy":"product_brand","embeddable":true,"href":"https:\/\/3eteknoloji.com\/index.php\/wp-json\/wp\/v2\/product_brand?post=11210"},{"taxonomy":"product_cat","embeddable":true,"href":"https:\/\/3eteknoloji.com\/index.php\/wp-json\/wp\/v2\/product_cat?post=11210"},{"taxonomy":"product_tag","embeddable":true,"href":"https:\/\/3eteknoloji.com\/index.php\/wp-json\/wp\/v2\/product_tag?post=11210"}],"curies":[{"name":"wp","href":"https:\/\/api.w.org\/{rel}","templated":true}]}}