{"id":11237,"date":"2025-10-30T18:11:00","date_gmt":"2025-10-30T18:11:00","guid":{"rendered":"http:\/\/webmc.online\/?post_type=product&#038;p=11237"},"modified":"2026-01-12T15:30:17","modified_gmt":"2026-01-12T15:30:17","slug":"2-5-lcd-jk-ekran","status":"publish","type":"product","link":"https:\/\/3eteknoloji.com\/index.php\/urun\/2-5-lcd-jk-ekran\/","title":{"rendered":"2.5 LCD JK Ekran"},"content":{"rendered":"<div class=\"elementor-element elementor-element-df8e3b1 elementor-widget elementor-widget-text-editor\" data-id=\"df8e3b1\" data-element_type=\"widget\" data-widget_type=\"text-editor.default\">\n<div class=\"elementor-widget-container\">\n<p><strong>TEKN\u0130K \u00d6ZELL\u0130KLER<\/strong><\/p>\n<ul>\n<li>Dahili Bluetooth Mod\u00fcl\u00fc<\/li>\n<li>RS485\/CANBUS \u0130leti\u015fimini Destekler<\/li>\n<li>IOS\/Android Sistemini Destekler<\/li>\n<\/ul>\n<\/div>\n<\/div>\n<div class=\"elementor-element elementor-element-5a91059 elementor-widget elementor-widget-image\" data-id=\"5a91059\" data-element_type=\"widget\" data-widget_type=\"image.default\">\n<p><strong>ALTI G\u00dcVENL\u0130K KORUMASI<\/strong><\/p>\n<ul>\n<li>A\u015f\u0131r\u0131 \u015farj korumas\u0131: A\u015f\u0131r\u0131 \u015farj\u0131n pil \u00f6mr\u00fcn\u00fc etkilemesini \u00f6nleyin<\/li>\n<li>K\u0131sa devre korumas\u0131: K\u0131sa devre korumas\u0131 oldu\u011funda otomatik koruma<\/li>\n<li>A\u015f\u0131r\u0131 de\u015farj korumas\u0131: Ak\u00fcn\u00fcn bitmesini \u00f6nleyin<\/li>\n<li>A\u015f\u0131r\u0131 ak\u0131m korumas\u0131: Ak\u0131m\u0131n ak\u00fc aral\u0131\u011f\u0131n\u0131 a\u015fmas\u0131n\u0131 \u00f6nleyin<\/li>\n<li>Her \u015fey dahil koruma: Kablo d\u00fc\u015fmesini veya zay\u0131f temas\u0131 \u00f6nleyin<\/li>\n<li>A\u015f\u0131r\u0131 s\u0131cakl\u0131k korumas\u0131: Pilin a\u015f\u0131r\u0131 \u0131s\u0131nmas\u0131n\u0131 \u00f6nleyin<\/li>\n<\/ul>\n<p><img loading=\"lazy\" decoding=\"async\" class=\"alignnone wp-image-11238 size-full\" src=\"http:\/\/webmc.online\/wp-content\/uploads\/2025\/10\/JKBMS-3S-25S-Active-Balance-Smart-BMS-For-Lifepo4-li-ion-LTO-Battery-Support-for-Android-IOS-Phone-JIKONG-BMS-29.jpg\" alt=\"\" width=\"1000\" height=\"780\" srcset=\"https:\/\/3eteknoloji.com\/wp-content\/uploads\/2025\/10\/JKBMS-3S-25S-Active-Balance-Smart-BMS-For-Lifepo4-li-ion-LTO-Battery-Support-for-Android-IOS-Phone-JIKONG-BMS-29.jpg 1000w, https:\/\/3eteknoloji.com\/wp-content\/uploads\/2025\/10\/JKBMS-3S-25S-Active-Balance-Smart-BMS-For-Lifepo4-li-ion-LTO-Battery-Support-for-Android-IOS-Phone-JIKONG-BMS-29-300x234.jpg 300w, https:\/\/3eteknoloji.com\/wp-content\/uploads\/2025\/10\/JKBMS-3S-25S-Active-Balance-Smart-BMS-For-Lifepo4-li-ion-LTO-Battery-Support-for-Android-IOS-Phone-JIKONG-BMS-29-768x599.jpg 768w, https:\/\/3eteknoloji.com\/wp-content\/uploads\/2025\/10\/JKBMS-3S-25S-Active-Balance-Smart-BMS-For-Lifepo4-li-ion-LTO-Battery-Support-for-Android-IOS-Phone-JIKONG-BMS-29-150x117.jpg 150w\" sizes=\"auto, (max-width: 1000px) 100vw, 1000px\" \/><\/p>\n<\/div>\n","protected":false},"excerpt":{"rendered":"<p>TEKN\u0130K \u00d6ZELL\u0130KLER Dahili Bluetooth Mod\u00fcl\u00fc RS485\/CANBUS \u0130leti\u015fimini Destekler IOS\/Android Sistemini Destekler ALTI G\u00dcVENL\u0130K KORUMASI A\u015f\u0131r\u0131 \u015farj korumas\u0131: A\u015f\u0131r\u0131 \u015farj\u0131n pil<\/p>\n","protected":false},"featured_media":11679,"comment_status":"open","ping_status":"closed","template":"","meta":[],"product_brand":[],"product_cat":[92],"product_tag":[152],"class_list":{"0":"post-11237","1":"product","2":"type-product","3":"status-publish","4":"has-post-thumbnail","6":"product_cat-bms-battery-management-system","7":"product_tag-2-5-lcd-jk-ekran","9":"first","10":"instock","11":"shipping-taxable","12":"purchasable","13":"product-type-simple"},"_links":{"self":[{"href":"https:\/\/3eteknoloji.com\/index.php\/wp-json\/wp\/v2\/product\/11237","targetHints":{"allow":["GET"]}}],"collection":[{"href":"https:\/\/3eteknoloji.com\/index.php\/wp-json\/wp\/v2\/product"}],"about":[{"href":"https:\/\/3eteknoloji.com\/index.php\/wp-json\/wp\/v2\/types\/product"}],"replies":[{"embeddable":true,"href":"https:\/\/3eteknoloji.com\/index.php\/wp-json\/wp\/v2\/comments?post=11237"}],"version-history":[{"count":2,"href":"https:\/\/3eteknoloji.com\/index.php\/wp-json\/wp\/v2\/product\/11237\/revisions"}],"predecessor-version":[{"id":11678,"href":"https:\/\/3eteknoloji.com\/index.php\/wp-json\/wp\/v2\/product\/11237\/revisions\/11678"}],"wp:featuredmedia":[{"embeddable":true,"href":"https:\/\/3eteknoloji.com\/index.php\/wp-json\/wp\/v2\/media\/11679"}],"wp:attachment":[{"href":"https:\/\/3eteknoloji.com\/index.php\/wp-json\/wp\/v2\/media?parent=11237"}],"wp:term":[{"taxonomy":"product_brand","embeddable":true,"href":"https:\/\/3eteknoloji.com\/index.php\/wp-json\/wp\/v2\/product_brand?post=11237"},{"taxonomy":"product_cat","embeddable":true,"href":"https:\/\/3eteknoloji.com\/index.php\/wp-json\/wp\/v2\/product_cat?post=11237"},{"taxonomy":"product_tag","embeddable":true,"href":"https:\/\/3eteknoloji.com\/index.php\/wp-json\/wp\/v2\/product_tag?post=11237"}],"curies":[{"name":"wp","href":"https:\/\/api.w.org\/{rel}","templated":true}]}}